c. Let y be q(6). Suppose -5*s = 3*m - 17, -y*s + 2*s + 3 = m. List the prime factors of s.
2
Let g(n) = -n**2 - 1. Let m be g(3). Let h be ((-4)/(-6))/(m/(-330)). Suppose 0 = 2*d - d - h. List the prime factors of d.
2, 11
Suppose 0 = 15*o - o - 56. What are the prime factors of (66/(-9))/(0 + o/(-78))?
11, 13
Suppose 2*a - 56 = 3*r - 14, 3*r + 54 = -2*a. Let i = 28 + r. Suppose -5*g + 2*g + i = 0. What are the prime factors of g?
2
Let f = -35 - -123. Suppose 2*z = 2*i - f, 4*i - 134 = 3*z - 0*i. Let h = -23 - z. What are the prime factors of h?
19
Let s = 106 - 54. Suppose 0 = -3*a + 230 + s. What are the prime factors of a?
2, 47
Suppose 4*h - 1 = 3*f, 2*h + 4 = 3*h. Let q(x) = 3*x**2 + 7*x - 8. List the prime factors of q(f).
2, 3, 17
Let y be 3/(-3) - (-15)/5. Suppose 0*o = -4*o + 3*g + 168, -5*o + 187 = y*g. List the prime factors of o.
3, 13
Let m(p) = -11*p**3 + 7*p**2 + 14*p + 4. List the prime factors of m(-6).
2, 7, 13
Let u be (-1 - 1) + 2*13. Suppose -f - 2*b - 2 = 0, 0 = f - 2*b - b - 8. Suppose j - 2*j + 23 = -f*c, 0 = 3*j + 3*c - u. What are the prime factors of j?
13
Suppose 3*l + 3*k - 942 = 0, -21*l + 2*k + 1280 = -17*l. List the prime factors of l.
2, 3, 53
Suppose -20*n - 1442 = -23*n + 5*r, 5*n - 4*r - 2399 = 0. List the prime factors of n.
479
Let b be (13/3)/(1/3). Suppose -b = -2*o + 19. Suppose -n - n - j = -o, 2*n - 5*j + 8 = 0. List the prime factors of n.
2, 3
List the prime factors of (-14)/63 - (-17)/((-918)/(-67620)).
2, 313
Let n be (0/(-1))/(-1 - 2). Suppose n = -5*u + 14*u - 198. List the prime factors of u.
2, 11
Suppose -2*h + 2*j + 28 = 0, 2*h = -3*h - j + 76. Let f(s) = 26*s**2 - 13*s + 13 - 48*s**2 + 23*s**2. List the prime factors of f(h).
43
Let o = 1283 + -560. What are the prime factors of o?
3, 241
List the prime factors of 60/(-16)*2/6*-308.
5, 7, 11
Let l(r) = -r**2 + 11*r + 6. Let b = 10 + -6. Let h(s) = -s**2 + 12*s + 6. Let f(z) = b*l(z) - 3*h(z). What are the prime factors of f(8)?
2, 3
Suppose -5*b = -634 - 1991. List the prime factors of b.
3, 5, 7
Let a(s) = 29*s**2 + 3*s - 223. List the prime factors of a(-12).
3917
Suppose 5*t = -4*d + 12, -4*t = -22 + 6. Let o be 13 - 1/((-1)/d). Suppose -o - 2 = -i. What are the prime factors of i?
13
Let u = 146 - -284. List the prime factors of u.
2, 5, 43
Suppose -3*f = f - 64. Let r = 6 + f. List the prime factors of r.
2, 11
Let m(d) be the first derivative of 3*d**2 - 25*d - 33. List the prime factors of m(24).
7, 17
Suppose -8*z = -3*z - 2490. What are the prime factors of z?
2, 3, 83
Let h(l) = l**2 - 8*l. Let d = -12 - -20. Let z be h(d). Suppose z*g + 25 = 5*g. List the prime factors of g.
5
List the prime factors of 28/(3 + 4) - -664.
2, 167
Suppose -10*g - 1809 = -g. Let o = g + 361. What are the prime factors of o?
2, 5
Let r = -219 + 377. Suppose -3*u - 575 = -5*c, -3*c + 503 - r = 4*u. List the prime factors of c.
5, 23
Let z = 37 + -43. Let y(x) = 3*x**2 - 9*x + 12 - 4*x**2 + x. What are the prime factors of y(z)?
2, 3
Let r = -19 + 31. Suppose 7*o - r*o + 60 = 0. Let n(q) = -q**2 + 15*q - 17. List the prime factors of n(o).
19
Let p(q) = q - 18. Let v be p(13). Let y be 224/10 + 2/v. Let f = y + -7. List the prime factors of f.
3, 5
Let m(s) = s**2 - 5*s + 2. Let t be m(4). Let u(q) = -q + 23. Let g be u(16). List the prime factors of (g/4)/(t/(-16)).
2, 7
Suppose -2*j - 2*j = 3*a + 694, 3*j = -12. Let l = a + 129. Let s = l + 139. What are the prime factors of s?
2, 3, 7
Let s be (48/(-36))/((-2)/36). Let r = -21 + s. Let u(x) = 8*x**2 - 6*x - 2. List the prime factors of u(r).
2, 13
Let d = 8 - 2. Suppose 2*p + 44 = d*p. List the prime factors of -3 + p/(33/36).
3
Suppose -3*f + 4*k - 3*k + 671 = 0, -3*f = 3*k - 687. List the prime factors of f.
3, 5
Let x = -371 + 1249. List the prime factors of x.
2, 439
Let k(d) = d**3 + 27*d**2 + 16*d - 18. List the prime factors of k(-21).
2, 3, 191
Suppose -5*o + 163 = -3*k, -2*o + k = 2*o - 129. List the prime factors of o.
2
Suppose -29*a = -a - 13160. List the prime factors of a.
2, 5, 47
Suppose 5 = 2*a + 1. Let i be (-4)/a + 6 + 40. Suppose 5*o - i = 3*o. What are the prime factors of o?
2, 11
List the prime factors of ((-675)/10)/((-4)/8).
3, 5
Let t be 2*(-4)/(-2) - -1. Suppose -7*a + t*a + 198 = 0. Suppose -c = -4*c + a. What are the prime factors of c?
3, 11
Let g = 73 - 65. Suppose -365 = -g*r + 211. List the prime factors of r.
2, 3
Let r = -221 - -1085. What are the prime factors of r?
2, 3
Let d be ((-6870)/20)/((-1)/(-4)). Let t be (-2)/(-11) + d/(-66). Let g = 36 - t. What are the prime factors of g?
3, 5
Let d = -1886 - -3925. List the prime factors of d.
2039
Suppose -5 = 2*f + 1. Let d(c) = -2*c - 3. Let n be d(f). Suppose n*p = 5*m + p - 115, 46 = 2*m - 2*p. What are the prime factors of m?
23
Let k be (-6 - -3)/(3/(-25)). Let r be 185/k - (-6)/10. Suppose 2 = -7*l + r*l. What are the prime factors of l?
2
Let f(t) = -t**2 + 12*t - 19. Let x be f(9). Suppose -x = -8*z + 4*z. Suppose -r + 2*r = z*v - 77, -4*v + r + 153 = 0. List the prime factors of v.
2, 19
Suppose -5*k - 155 = -b - 16, -5*b + 5*k = -595. List the prime factors of b.
2, 3, 19
Let d be (11/4)/((-8)/(-128)). List the prime factors of 4 - (11/d + (-61)/4).
19
Let z = 0 + 6. Suppose -6 = -z*u - 24. Let t(l) = 2*l**2 + 4*l - 1. List the prime factors of t(u).
5
Let y(d) = -d**3 - 4*d**2 + 2*d - 12. Let a be y(-5). Suppose -3*w - 2*k + 355 + 178 = 0, -528 = -3*w - a*k. List the prime factors of w.
181
Let j(x) be the third derivative of x**6/40 - x**5/15 + x**4/12 + 2*x**2. Let w be j(2). Let z = 35 - w. What are the prime factors of z?
23
Let s = -16 + -2. Let c be (-732)/s + (-2)/(-6). Suppose -5*f = -2*y - c, -10 = 3*f - 5*y - 46. What are the prime factors of f?
7
Let j = 2 + 3. Let h(f) be the third derivative of f**5/60 - 5*f**4/24 + f**3/2 + 25*f**2. List the prime factors of h(j).
3
Suppose -4*f + 14396 = -5*g, 0 = 13*g - 18*g - 20. List the prime factors of f.
2, 3, 599
Let a be (-228)/(-14) - 6/21. Let k(s) = 2*s**3 + s**2 + 4*s + 2. Let v be k(0). Suppose 0 = -p - v*j + j + a, p - j - 14 = 0. List the prime factors of p.
3, 5
Let k = -92 + 557. What are the prime factors of k?
3, 5, 31
Let w(m) = -12*m**2 + 9*m + 2. Let c(h) = -13*h**2 + 10*h + 3. Let i(r) = 4*c(r) - 5*w(r). What are the prime factors of i(-6)?
2, 5
Let c = 46 - -15. Let g = 95 - c. Let h = g - 11. List the prime factors of h.
23
Let w(m) = -m**3 + 89*m**2 + 40*m + 822. List the prime factors of w(89).
2, 7, 313
Let v = -579 + 1318. List the prime factors of v.
739
Suppose -3*h + 4*o - 13 = 0, -8 = 5*h - 4*o + 11. Let b be 12/h*(-1065)/(-20). List the prime factors of (-2 + b/(-9))*3.
5, 13
Let z(h) = 87*h + 18. Let t be z(-3). List the prime factors of t*(0 - 10/15).
2, 3
Suppose 3*r - 2*c = 458, -734 = -5*r + c - 5*c. Let s = -87 + r. What are the prime factors of s?
3, 7
Let m(z) = z + 9. Let h be m(8). Let v(o) = o**2 - 12*o + 21. What are the prime factors of v(h)?
2, 53
Suppose 0 = 16*o - 5139 - 7085. What are the prime factors of o?
2, 191
Suppose 0 = -3*z - z - b - 24, 3*b = -5*z - 37. Let r = 10 + z. Suppose -2*f = f + r*m - 11, m + 5 = 0. List the prime factors of f.
2, 3
Suppose 5*u - 24 = y, -4*u + 0*u + 15 = -5*y. Suppose -9 - 11 = u*c. List the prime factors of 6/(-9)*42/c.
7
Let i(n) = 3*n**3 + n**2 + 21*n + 4*n**2 - 44*n + 6 + 25*n. List the prime factors of i(3).
2, 3, 23
Suppose 0 = 47*m - 45*m - q - 1577, -q = -4*m + 3151. List the prime factors of m.
787
Suppose 6*a - a = 5*x - 60, -5*x + 4*a + 60 = 0. List the prime factors of x.
2, 3
Suppose 0 = -23*r + 2*r + 46662. List the prime factors of r.
2, 11, 101
Suppose 2579 - 558 = 5*v + 3*k, -2*v + 4*k = -824. What are the prime factors of v?
2, 7, 29
Suppose -4*u = 2*b - 2763 - 3685, -5*u = -3*b + 9639. List the prime factors of b.
2, 1609
Suppose -2*f = -0*f + 62. Let q = f - -82. What are the prime factors of q?
3, 17
Suppose 0*i - 3*i + 81 = 0. Suppose -2*s + i + 27 = 0. Suppose -2*u + 5*b = -56, 49 = 4*u - b - s. List the prime factors of u.
2, 3
Let h = 812 - -2059. What are the prime factors of h?
3, 11, 29
Let k be 6/(-15) - 24/(-10). Suppose -5*o + k*o = 3*m - 204, -2*o + 5*m + 136 = 0. What are the prime factors of o?
2, 17
Suppose d - 47 = 3*b - 1, 3*b + 